{"id":26,"date":"2013-06-13T20:52:48","date_gmt":"2013-06-13T20:52:48","guid":{"rendered":"http:\/\/parcdesheros.org\/?page_id=26"},"modified":"2014-04-03T01:12:49","modified_gmt":"2014-04-03T01:12:49","slug":"histoire-du-projet","status":"publish","type":"page","link":"https:\/\/www.heroesparkbeaconsfield.org\/fr\/a-propos-du-projet\/histoire-du-projet\/","title":{"rendered":"Histoire du projet"},"content":{"rendered":"<p>J\u2019ai eu le privil\u00e8ge de rencontrer le maire de la ville de Beaconsfield avant mon d\u00e9ploiement pour l\u2019Afghanistan en 2010. Le but \u00e9tait de solliciter l\u2019appui de la ville au projet du drapeau des Forces Arm\u00e9es Canadiennes. Voici l\u2019article publi\u00e9 en ce temps:<\/p>\n<blockquote><p><strong>Beaconsfield \u00e0 l\u2019honneur<\/strong><\/p>\n<p>Terrain d\u2019aviation de Kandahar &#8211; Afghanistan &#8212; La ville de Beaconsfield et ses citoyens ont \u00e9t\u00e9 honor\u00e9s \u00e0 Kandahar. Le drapeau de la Ville a flott\u00e9 au quartier g\u00e9n\u00e9ral du Groupement Tactique du 1er Bataillon, Royal 22e R\u00e9giment. Le projet drapeau des Forces Canadiennes est en appr\u00e9ciation des communaut\u00e9s Canadiennes et fait le lien avec les membres des Forces d\u00e9ploy\u00e9s. Major R Gratton, un citoyen de Beaconsfield et membre du Deuxi\u00e8me R\u00e9giment de Campagne (R\u00e9giment d\u2019artillerie de r\u00e9serve \u00e0 Montr\u00e9al) est pr\u00e9sentement d\u00e9ploy\u00e9 en Afghanistan.<\/p><\/blockquote>\n<figure id=\"attachment_150\" aria-describedby=\"caption-attachment-150\" style=\"width: 694px\" class=\"wp-caption aligncenter\"><img data-recalc-dims=\"1\" loading=\"lazy\" decoding=\"async\" src=\"https:\/\/i0.wp.com\/heroespark.org\/wp-content\/uploads\/2013\/04\/maj-richard-gratton.jpg?resize=660%2C437\" alt=\"In the photo: Major Richard Gratton\" width=\"660\" height=\"437\" class=\"size-full wp-image-150\" \/><figcaption id=\"caption-attachment-150\" class=\"wp-caption-text\">Sur la photo, Maj Richard Gratton<\/figcaption><\/figure>\n<p>Lors de ma rencontre, j\u2019ai fait une promesse \u00e0 Monsieur le Maire, soit, qu\u2019a mon retour, de cr\u00e9er un comit\u00e9 de citoyen afin d\u2019\u00e9riger un c\u00e9notaphe en l\u2019honneur du service de nos militaires et aussi, d\u2019inclure tous ceux du service public qui mettent en p\u00e9ril leurs vies au service de la population du Canada.<\/p>\n<p><strong>Maj Richard Gratton<\/strong><br \/>\n<em>Pr\u00e9sident du comit\u00e9<\/em><\/p>\n","protected":false},"excerpt":{"rendered":"<p>J\u2019ai eu le privil\u00e8ge de rencontrer le maire de la ville de Beaconsfield avant mon d\u00e9ploiement pour l\u2019Afghanistan en 2010. Le but \u00e9tait de solliciter l\u2019appui de la ville au projet du drapeau des Forces Arm\u00e9es Canadiennes. Voici l\u2019article publi\u00e9 en ce temps: Beaconsfield \u00e0 l\u2019honneur Terrain d\u2019aviation de Kandahar &#8230;<\/p>\n","protected":false},"author":1,"featured_media":0,"parent":24,"menu_order":0,"comment_status":"closed","ping_status":"open","template":"","meta":{"jetpack_post_was_ever_published":false,"footnotes":""},"class_list":["post-26","page","type-page","status-publish","hentry","column","twocol"],"jetpack_shortlink":"https:\/\/wp.me\/P3DNsS-q","jetpack_sharing_enabled":true,"_links":{"self":[{"href":"https:\/\/www.heroesparkbeaconsfield.org\/fr\/wp-json\/wp\/v2\/pages\/26","targetHints":{"allow":["GET"]}}],"collection":[{"href":"https:\/\/www.heroesparkbeaconsfield.org\/fr\/wp-json\/wp\/v2\/pages"}],"about":[{"href":"https:\/\/www.heroesparkbeaconsfield.org\/fr\/wp-json\/wp\/v2\/types\/page"}],"author":[{"embeddable":true,"href":"https:\/\/www.heroesparkbeaconsfield.org\/fr\/wp-json\/wp\/v2\/users\/1"}],"replies":[{"embeddable":true,"href":"https:\/\/www.heroesparkbeaconsfield.org\/fr\/wp-json\/wp\/v2\/comments?post=26"}],"version-history":[{"count":6,"href":"https:\/\/www.heroesparkbeaconsfield.org\/fr\/wp-json\/wp\/v2\/pages\/26\/revisions"}],"predecessor-version":[{"id":289,"href":"https:\/\/www.heroesparkbeaconsfield.org\/fr\/wp-json\/wp\/v2\/pages\/26\/revisions\/289"}],"up":[{"embeddable":true,"href":"https:\/\/www.heroesparkbeaconsfield.org\/fr\/wp-json\/wp\/v2\/pages\/24"}],"wp:attachment":[{"href":"https:\/\/www.heroesparkbeaconsfield.org\/fr\/wp-json\/wp\/v2\/media?parent=26"}],"curies":[{"name":"wp","href":"https:\/\/api.w.org\/{rel}","templated":true}]}}

<p>J’ai eu le privilège de rencontrer le maire de la ville de Beaconsfield avant mon déploiement pour l’Afghanistan en 2010. Le but était de solliciter l’appui de la ville au projet du drapeau des Forces Armées Canadiennes. Voici l’article publié en ce temps:</p>
<blockquote><p><strong>Beaconsfield à l’honneur</strong></p>
<p>Terrain d’aviation de Kandahar &#8211; Afghanistan &#8212; La ville de Beaconsfield et ses citoyens ont été honorés à Kandahar. Le drapeau de la Ville a flotté au quartier général du Groupement Tactique du 1er Bataillon, Royal 22e Régiment. Le projet drapeau des Forces Canadiennes est en appréciation des communautés Canadiennes et fait le lien avec les membres des Forces déployés. Major R Gratton, un citoyen de Beaconsfield et membre du Deuxième Régiment de Campagne (Régiment d’artillerie de réserve à Montréal) est présentement déployé en Afghanistan.</p></blockquote>
<figure id="attachment_150" aria-describedby="caption-attachment-150" style="width: 694px" class="wp-caption aligncenter"><img data-recalc-dims="1" loading="lazy" decoding="async" src="https://i0.wp.com/heroespark.org/wp-content/uploads/2013/04/maj-richard-gratton.jpg?resize=660%2C437" alt="In the photo: Major Richard Gratton" width="660" height="437" class="size-full wp-image-150" /><figcaption id="caption-attachment-150" class="wp-caption-text">Sur la photo, Maj Richard Gratton</figcaption></figure>
<p>Lors de ma rencontre, j’ai fait une promesse à Monsieur le Maire, soit, qu’a mon retour, de créer un comité de citoyen afin d’ériger un cénotaphe en l’honneur du service de nos militaires et aussi, d’inclure tous ceux du service public qui mettent en péril leurs vies au service de la population du Canada.</p>
<p><strong>Maj Richard Gratton</strong><br />
<em>Président du comité</em></p>

<p>J’ai eu le privilège de rencontrer le maire de la ville de Beaconsfield avant mon déploiement pour l’Afghanistan en 2010. Le but était de solliciter l’appui de la ville au projet du drapeau des Forces Armées Canadiennes. Voici l’article publié en ce temps: Beaconsfield à l’honneur Terrain d’aviation de Kandahar &#8230;</p>
